is -41904175 + 13?
-41904162
In base 4, what is 10 + 121323302202?
121323302212
In base 2, what is -10111 + -1010100101100111000?
-1010100101101001111
In base 11, what is -15 - -864302?
864298
In base 15, what is 62943c - bb?
629371
In base 12, what is 9640395 - 20?
9640375
In base 15, what is 9b4 + -28802?
-27d3d
In base 16, what is -5b - -62880?
62825
In base 6, what is -111013 + 12223?
-54350
In base 14, what is -2 + 489b17?
489b15
In base 4, what is -203013302 - -3?
-203013233
In base 12, what is -1 + -7474b02?
-7474b03
In base 12, what is 49206 - -b4?
492ba
In base 14, what is -34a5da5 + -4?
-34a5da9
In base 13, what is 106258 + -47?
106211
In base 8, what is 1242 - 321400?
-320136
In base 2, what is 0 - 1101110010001000000110011?
-1101110010001000000110011
In base 4, what is -12 - 13300323332?
-13300330010
In base 15, what is -72 - -23bae?
23b3c
In base 15, what is 3 + -2b439c?
-2b4399
In base 6, what is 43 + -42404144?
-42404101
In base 9, what is 14 - 34563136?
-34563122
In base 7, what is -2503462033 + -1?
-2503462034
In base 16, what is -13ca2a - 23?
-13ca4d
In base 4, what is 13021301 - -201?
13022102
In base 4, what is -20 - 202001130?
-202001210
In base 14, what is -4644ba0 - -3?
-4644b9b
In base 2, what is 1110 - 101001011111100100010111?
-101001011111100100001001
In base 4, what is 13220230032 - 11323?
13220212103
In base 6, what is -1404121042 - 2?
-1404121044
In base 5, what is 33310 - -400133?
433443
In base 5, what is 2 - 2014241303?
-2014241301
In base 13, what is -2a466 - 3792?
-30c28
In base 12, what is 2412843 + -b8?
2412747
In base 9, what is 335 + -105654?
-105318
In base 5, what is 2033213 + -20430?
2012233
In base 9, what is 43251 + 333?
43584
In base 13, what is -3c - 31302?
-31341
In base 15, what is -8b62 - 104?
-8c66
In base 5, what is -10013402 + 10133?
-10003214
In base 12, what is -2 + -29b087a?
-29b0880
In base 7, what is 25 + -4106403?
-4106345
In base 10, what is 9 + 906784?
906793
In base 5, what is 344 + 222042023?
222042422
In base 3, what is 2200210210 + 11011?
2200221221
In base 14, what is 18dc9a6 + 5?
18dc9ab
In base 2, what is 1100001010111111111011000 + 0?
1100001010111111111011000
In base 3, what is 11 + 12200120122112010?
12200120122112021
In base 8, what is -422151616 + 24?
-422151572
In base 16, what is -4f9 + -12da9?
-132a2
In base 14, what is -30b + -b25?
-1032
In base 16, what is 2 - 1461a87?
-1461a85
In base 7, what is -333 + -26240?
-26603
In base 7, what is 2 - 16103412?
-16103410
In base 14, what is 19d2bd76 + 0?
19d2bd76
In base 10, what is -8 + 1472168?
1472160
In base 12, what is 3b + 40b575?
40b5b4
In base 10, what is -5 - 2924656?
-2924661
In base 14, what is 5a60b66 + 1?
5a60b67
In base 4, what is -211033220 - -21?
-211033133
In base 12, what is -7195a208 + -1?
-7195a209
In base 15, what is 5454e6 - -2b?
545522
In base 15, what is -109 - 1a8d?
-1b97
In base 4, what is 3103321233 + 23?
3103321322
In base 6, what is -1325 - -110041?
104312
In base 16, what is -daf3 + -2d?
-db20
In base 8, what is -3023532 - 0?
-3023532
In base 11, what is -2a529 + -5a5?
-30023
In base 7, what is 2034 + -4434366?
-4432332
In base 6, what is 224034301425 + -4?
224034301421
In base 10, what is -1700074 - -4?
-1700070
In base 11, what is 10 + 28389999?
283899a9
In base 13, what is 2031863 + 8?
203186b
In base 13, what is -95 + b4c4?
b42c
In base 4, what is -321 - 30133020000?
-30133020321
In base 16, what is -138b1 - -d5?
-137dc
In base 14, what is 47b1d6bb + 2?
47b1d6bd
In base 9, what is 1651834 - -131?
1652065
In base 9, what is -1036402532 - 0?
-1036402532
In base 5, what is 143114 + 13422?
212041
In base 9, what is -36 - -4084530?
4084483
In base 8, what is -120210 + -313?
-120523
In base 15, what is 315 + -5d5?
-2c0
In base 12, what is 11763 + 1b8?
1195b
In base 15, what is 5 - d477051?
-d47704b
In base 9, what is -1104 - 701?
-1805
In base 12, what is -215 - 36299?
-364b2
In base 5, what is -4 + 2024300344?
2024300340
In base 9, what is 1316455 - -3?
1316458
In base 8, what is 1662 - -450701?
452563
In base 6, what is -1421 + -35305140?
-35311001
In base 13, what is -50 - -529404?
529384
In base 4, what is -1001101 - -2220?
-332221
In base 13, what is c - -67a8a24?
67a8a33
In base 13, what is -a62c14 - -1b5?
-a62a2c
In base 8, what is -253 - 17044?
-17317
In base 4, what is 20 - -31222021023?
31222021103
In base 7, what is -3 + 234340312?
234340306
In base 9, what is -60143 + 342?
-58701
In base 5, what is -2320012 - 32420?
-2402432
In base 3, what is 12102200020200220 - 0?
12102200020200220
In base 10, what is -16807997 - -3?
-16807994
In base 6, what is -153 + 24310?
24113
In base 13, what is -3387a2 - 4a?
-33881c
In base 5, what is 311044101 - 321?
311043230
In base 12, what is -183 + -1bb0?
-2173
In base 5, what is -10211412 - -2334?
-10204023
In base 5, what is 10004 - -301230444?
301241003
In base 13, what is -2 - 6bbc29?
-6bbc2b
In base 7, what is 1 + -3555100?
-3555066
In base 4, what is -112 - -102103012023?
102103011311
In base 12, what is -1b4517 - 83?
-1b459a
In base 12, what is -b - -1aa9267?
1aa9258
In base 8, what is -4 - 4116160?
-4116164
In base 3, what is -21200001000101 - -12?
-21200001000012
In base 4, what is 3 + 212102203321?
212102203330
In base 13, what is -9 + 1a1147?
1a113b
In base 5, what is 1444 + 431032?
433031
In base 13, what is 12 - 2ac17c1?
-2ac17ac
In base 15, what is -c - 61c78?
-61c85
In base 10, what is 4 - -14083261?
14083265
In base 7, what is 2262 - 211521?
-206226
In base 9, what is 41230446 - 18?
41230427
In base 10, what is 1353369 + -1?
1353368
In base 11, what is 55318 + 362?
5567a
In base 13, what is -22779 + -29bb?
-25467
In base 5, what is 2243111421 + 44?
2243112020
In base 16, what is -73d39df - 3?
-73d39e2
In base 6, what is -1 + -1405140122?
-1405140123
In base 6, what is 22 - -3053303443?
3053303505
In base 6, what is -10104131134 - -2?
-10104131132
In base 13, what is 41bc - -7a4?
4993
In base 16, what is 65a - 9213?
-8bb9
In base 3, what is 11100220211 + -20020?
11100200121
In base 3, what is -2110100110 - 10010102?
-2120110212
In base 7, what is -412230456 - 26?
-412230515
In base 16, what is -5 - -ec861b?
ec8616
In base 10, what is -107617 - -873?
-106744
In base 5, what is 4 + -13410234333?
-13410234324
In base 8, what is -14206474 - -1?
-14206473
In base 15, what is -5c53 - -45?
-5c0d
In base 2, what is -10101000010110011100101011 - -11?
-10101000010110011100101000
In base 5, what is 1012 - 4414010?
-4412443
In base 13, what is -1849b + 1239?
-17262
In base 15, what is -1 + -77e75a?
-77e75b
In base 16, what is -5098 - 127?
-51bf
In base 11, what is 4502 - 106a?
3443
In base 3, what is -1200110212 + 1100?
-1200102112
In base 7, what is -116251343 - 20?
-116251363
In base 11, what is 11268 + -228?
11040
In base 5, what is -14 - -4040440404?
4040440340
In base 4, what is 10011 - 120031312?
-120021301
In base 5, what is -130204101 + 4143?
-130144403
In base 6, what is -5 + 54545240?
54545231
In base 14, what is -1 - -1b3d2c?
1b3d2b
In base 8, what is 16 + 31150?
31166
In base 6, what is 1151133455 - -24?
1151133523
In base 6, what is -4342 + 3034303?
3025521
In base 13, what is a - -250b33b?
250b348
In base 15, what is -4 + 5adb53?
5adb4e
In base 9, what is -54440 + 175?
-54254
In base 7, what is 23336 + 141031?
164400
In base 8, what is 201 + 236673?
237074
In base 11, what is -39 + 1111a85?
1111a47
In base 4, what is 133 - -1022302122203?
1022302123002
In base 4, what is -313 - -121320111233?
121320110320
In base 4, what is 3233203311301 - -10?
3233203311311
In base 3, what is -2 + 101022011102?
101022011100
In base 6, what is -2 - -1515233434?
1515233432
In base 3, what is 1000221021010 + -1110?
1000221012200
In base 4, what is -102 + -12001033132?
-12001033300
In base 15, what is 3 + -1a190c?
-1a1909
In base 7, what is 2504352 - 13345?
2461004
In base 16, what is -1adc1 + 2?
-1adbf
In base 16, what is 49c641 + -1d8?
49c469
In base 6, what is -53 + -342140552?
-342141045
In base 11, what is a - 39112a9?
-391129a
In base 7, what is -16546 + -535063?
-554642
In base 4, what is 1210331013 + 2021?
1210333100
In base 16, what is -13 - -1496b7?
1496a4
In base 3, what is -1200101 + -2112021?
-11012122
In base 4, what is 12 - 23322302102232?
-